{"id":258904,"date":"2023-07-25T08:51:23","date_gmt":"2023-07-25T08:51:23","guid":{"rendered":"https:\/\/www.psicologiaoviedo.com\/?page_id=258904"},"modified":"2024-03-21T16:50:09","modified_gmt":"2024-03-21T16:50:09","slug":"tratamiento-dolores-cronicos-oviedo","status":"publish","type":"page","link":"https:\/\/www.psicologiaoviedo.com\/?page_id=258904","title":{"rendered":"Tratamiento de dolores cr\u00f3nicos"},"content":{"rendered":"<p>[et_pb_section fb_built=&#8221;1&#8243; next_background_color=&#8221;#f6f6f6&#8243; _builder_version=&#8221;4.21.0&#8243; _module_preset=&#8221;default&#8221; background_color=&#8221;#FFFFFF&#8221; custom_padding=&#8221;40px||80px|||&#8221; top_divider_color=&#8221;#FFFFFF&#8221; top_divider_height=&#8221;50px&#8221; top_divider_flip=&#8221;horizontal&#8221; bottom_divider_style=&#8221;arrow&#8221; bottom_divider_height=&#8221;50px&#8221; global_colors_info=&#8221;{}&#8221;][et_pb_row use_custom_gutter=&#8221;on&#8221; _builder_version=&#8221;4.21.0&#8243; _module_preset=&#8221;default&#8221; width=&#8221;65%&#8221; global_colors_info=&#8221;{}&#8221;][et_pb_column type=&#8221;4_4&#8243; _builder_version=&#8221;4.21.0&#8243; _module_preset=&#8221;default&#8221; global_colors_info=&#8221;{}&#8221;][et_pb_divider color=&#8221;#d71448&#8243; divider_weight=&#8221;10px&#8221; _builder_version=&#8221;4.21.0&#8243; _module_preset=&#8221;default&#8221; width=&#8221;10%&#8221; module_alignment=&#8221;center&#8221; global_colors_info=&#8221;{}&#8221;][\/et_pb_divider][et_pb_text _builder_version=&#8221;4.21.0&#8243; _module_preset=&#8221;default&#8221; text_font=&#8221;Roboto Condensed|800|||||||&#8221; text_text_color=&#8221;#282828&#8243; text_font_size=&#8221;39px&#8221; text_line_height=&#8221;1.2em&#8221; header_font=&#8221;Inter|800|||||||&#8221; header_text_align=&#8221;center&#8221; header_font_size=&#8221;40px&#8221; width=&#8221;100%&#8221; module_alignment=&#8221;center&#8221; global_colors_info=&#8221;{}&#8221;]<\/p>\n<h1>Psic\u00f3loga especialista en el tratamiento de dolores cr\u00f3nicos en Oviedo<\/h1>\n<p>[\/et_pb_text][et_pb_button button_url=&#8221;https:\/\/www.psicologiaoviedo.com\/contacto\/&#8221; button_text=&#8221;CONTACTAR&#8221; button_alignment=&#8221;center&#8221; _builder_version=&#8221;4.21.0&#8243; _module_preset=&#8221;default&#8221; custom_button=&#8221;on&#8221; button_text_size=&#8221;15px&#8221; button_text_color=&#8221;#FFFFFF&#8221; button_bg_color=&#8221;#a30f37&#8243; button_border_width=&#8221;0px&#8221; button_border_color=&#8221;#cf9450&#8243; button_border_radius=&#8221;0px&#8221; button_letter_spacing=&#8221;0px&#8221; button_font=&#8221;Roboto Condensed||||||||&#8221; button_use_icon=&#8221;off&#8221; custom_margin=&#8221;30px||||false|false&#8221; custom_padding=&#8221;10px|46px|8px|50px|false|false&#8221; box_shadow_style=&#8221;preset1&#8243; box_shadow_vertical=&#8221;31px&#8221; box_shadow_blur=&#8221;65px&#8221; box_shadow_spread=&#8221;10px&#8221; box_shadow_color=&#8221;rgba(0,0,0,0.2)&#8221; global_colors_info=&#8221;{}&#8221; button_text_color__hover_enabled=&#8221;on|hover&#8221; button_text_color__hover=&#8221;#FFFFFF&#8221; button_bg_color__hover_enabled=&#8221;on|hover&#8221; button_bg_color__hover=&#8221;#d71448&#8243; button_bg_enable_color__hover=&#8221;on&#8221; button_border_color__hover_enabled=&#8221;on|hover&#8221; button_border_color__hover=&#8221;#121722&#8243; button_letter_spacing__hover_enabled=&#8221;on|desktop&#8221; button_letter_spacing__hover=&#8221;3px&#8221;][\/et_pb_button][et_pb_text _builder_version=&#8221;4.21.0&#8243; _module_preset=&#8221;default&#8221; text_font=&#8221;Inter|300|||||||&#8221; text_text_color=&#8221;#282828&#8243; text_font_size=&#8221;16px&#8221; text_line_height=&#8221;1.8em&#8221; global_colors_info=&#8221;{}&#8221;]<\/p>\n<p>Bienvenidos a nuestra consulta en Oviedo, donde ofrecemos servicios especializados como <strong>psic\u00f3loga especialista en el tratamiento de dolores cr\u00f3nicos<\/strong>. Comprendemos que vivir con dolor cr\u00f3nico puede ser una experiencia desafiante y agotadora, que afecta no solo el bienestar f\u00edsico, sino tambi\u00e9n el emocional y psicol\u00f3gico. Nuestro enfoque es brindar un apoyo integral para ayudar a nuestros pacientes a manejar su dolor y mejorar su calidad de vida.<\/p>\n<p>Como <strong>psic\u00f3loga especializada en dolores cr\u00f3nicos en Oviedo<\/strong>, utilizo una combinaci\u00f3n de terapias cognitivo-conductuales y t\u00e9cnicas de manejo del dolor basadas en la atenci\u00f3n plena (mindfulness). Estas t\u00e9cnicas est\u00e1n dise\u00f1adas para ayudar a los pacientes a comprender mejor su experiencia de dolor, a desarrollar estrategias efectivas para manejarlo y a reducir el impacto del dolor en su vida diaria.<\/p>\n<p>El tratamiento de <strong>dolores cr\u00f3nicos<\/strong> implica abordar tanto los aspectos f\u00edsicos como psicol\u00f3gicos del dolor. Trabajamos para identificar y modificar pensamientos y comportamientos que puedan estar exacerbando la experiencia del dolor, y ense\u00f1amos t\u00e9cnicas de relajaci\u00f3n y manejo del estr\u00e9s para ayudar a reducir la tensi\u00f3n y la ansiedad asociadas con el dolor cr\u00f3nico.<\/p>\n<p>Adem\u00e1s, como <strong>psic\u00f3loga especialista en Oviedo<\/strong>, me comprometo a proporcionar un entorno terap\u00e9utico de apoyo y confianza. Mi objetivo es que cada paciente se sienta escuchado y comprendido, y que juntos podamos trabajar hacia el logro de sus objetivos personales y de manejo del dolor.<\/p>\n<p>Si est\u00e1 buscando una <strong>psic\u00f3loga especialista en el tratamiento de dolores cr\u00f3nicos en Oviedo<\/strong>, nuestra consulta est\u00e1 aqu\u00ed para ofrecerle el apoyo y la orientaci\u00f3n que necesita. Cont\u00e1ctenos para comenzar su camino hacia una mejor gesti\u00f3n del dolor y una mayor calidad de vida.<\/p>\n<p>Otros servicios: <a href=\"https:\/\/www.psicologiaoviedo.com\/tratamiento-ansiedad-estres-oviedo\/\">ansiedad y estr\u00e9s<\/a>, <a href=\"https:\/\/www.psicologiaoviedo.com\/tratamiento-depresion-oviedo\/\">depresi\u00f3n<\/a>, <a href=\"https:\/\/www.psicologiaoviedo.com\/tratamiento-problemas-relacion-social-oviedo\/\">problemas de relaci\u00f3n social<\/a>, <a href=\"https:\/\/www.psicologiaoviedo.com\/tratamiento-proceso-duelo-oviedo\/\">procesos de duelo<\/a>, <a href=\"https:\/\/www.psicologiaoviedo.com\/tratamiento-trastorno-estres-post-traumatico-oviedo\/\">estr\u00e9s post traum\u00e1tico<\/a>, <a href=\"https:\/\/www.psicologiaoviedo.com\/tratamiento-trastornos-alimentarios-oviedo\/\">trastornos alimentarios<\/a>,\u00a0<a href=\"https:\/\/www.psicologiaoviedo.com\/psicologa-online-oviedo\/\">psicolog\u00eda online<\/a><\/p>\n<p>[\/et_pb_text][\/et_pb_column][\/et_pb_row][\/et_pb_section][et_pb_section fb_built=&#8221;1&#8243; next_background_color=&#8221;#ffffff&#8221; _builder_version=&#8221;4.21.0&#8243; _module_preset=&#8221;default&#8221; background_color=&#8221;#f6f6f6&#8243; custom_padding=&#8221;78px||80px|||&#8221; bottom_divider_style=&#8221;arrow&#8221; bottom_divider_height=&#8221;50px&#8221; global_colors_info=&#8221;{}&#8221;][et_pb_row column_structure=&#8221;2_5,3_5&#8243; _builder_version=&#8221;4.21.0&#8243; _module_preset=&#8221;default&#8221; global_colors_info=&#8221;{}&#8221;][et_pb_column type=&#8221;2_5&#8243; _builder_version=&#8221;4.21.0&#8243; _module_preset=&#8221;default&#8221; global_colors_info=&#8221;{}&#8221;][et_pb_image src=&#8221;https:\/\/www.psicologiaoviedo.com\/wp-content\/uploads\/2023\/06\/0-1.jpg&#8221; alt=&#8221;Psic\u00f3logo de problemas de relaci\u00f3n en Oviedo&#8221; title_text=&#8221;Psic\u00f3logo de problemas de relaci\u00f3n en Oviedo&#8221; _builder_version=&#8221;4.21.0&#8243; _module_preset=&#8221;default&#8221; global_colors_info=&#8221;{}&#8221;][\/et_pb_image][et_pb_image src=&#8221;https:\/\/www.psicologiaoviedo.com\/wp-content\/uploads\/2023\/06\/0-1.jpg&#8221; alt=&#8221;Psic\u00f3logo de problemas de relaci\u00f3n en Oviedo&#8221; title_text=&#8221;Psic\u00f3logo de problemas de relaci\u00f3n en Oviedo&#8221; _builder_version=&#8221;4.21.0&#8243; _module_preset=&#8221;default&#8221; global_colors_info=&#8221;{}&#8221;][\/et_pb_image][\/et_pb_column][et_pb_column type=&#8221;3_5&#8243; _builder_version=&#8221;4.21.0&#8243; _module_preset=&#8221;default&#8221; global_colors_info=&#8221;{}&#8221;][et_pb_text _builder_version=&#8221;4.21.0&#8243; _module_preset=&#8221;default&#8221; text_font=&#8221;Inter|800|||||||&#8221; text_text_color=&#8221;#282828&#8243; text_font_size=&#8221;36px&#8221; text_line_height=&#8221;1.2em&#8221; header_2_font=&#8221;Inter|800|||||||&#8221; header_2_font_size=&#8221;36px&#8221; header_2_line_height=&#8221;1.2em&#8221; locked=&#8221;off&#8221; global_colors_info=&#8221;{}&#8221;]<\/p>\n<h2 style=\"text-align: left;\">Psic\u00f3loga para manejar dolores cr\u00f3nicos en Oviedo<\/h2>\n<p>[\/et_pb_text][et_pb_divider color=&#8221;#d71448&#8243; divider_weight=&#8221;10px&#8221; _builder_version=&#8221;4.21.0&#8243; _module_preset=&#8221;default&#8221; width=&#8221;10%&#8221; module_alignment=&#8221;left&#8221; locked=&#8221;off&#8221; global_colors_info=&#8221;{}&#8221;][\/et_pb_divider][et_pb_text _builder_version=&#8221;4.21.0&#8243; _module_preset=&#8221;default&#8221; text_font=&#8221;Inter|300|||||||&#8221; text_text_color=&#8221;#282828&#8243; text_font_size=&#8221;16px&#8221; text_line_height=&#8221;1.8em&#8221; locked=&#8221;off&#8221; global_colors_info=&#8221;{}&#8221;]<\/p>\n<p>En nuestra cl\u00ednica en Oviedo, contamos con una <strong>psic\u00f3loga especialista en el tratamiento de dolores cr\u00f3nicos<\/strong>, dedicada a brindar apoyo y estrategias efectivas para quienes enfrentan el desaf\u00edo constante del dolor cr\u00f3nico. Entendemos que el dolor cr\u00f3nico no solo afecta f\u00edsicamente, sino que tambi\u00e9n tiene un impacto significativo en el bienestar emocional y psicol\u00f3gico de las personas.<\/p>\n<p>Como <strong>psic\u00f3loga especializada en dolores cr\u00f3nicos en Oviedo<\/strong>, mi enfoque terap\u00e9utico se centra en ayudar a los pacientes a manejar su dolor de manera m\u00e1s efectiva. Utilizo t\u00e9cnicas de terapia cognitivo-conductual para abordar los pensamientos y creencias que pueden influir en la percepci\u00f3n del dolor, y t\u00e9cnicas de relajaci\u00f3n y mindfulness para ayudar a reducir la tensi\u00f3n y el estr\u00e9s asociados con el dolor cr\u00f3nico.<\/p>\n<p>El tratamiento de <strong>dolores cr\u00f3nicos<\/strong> en nuestra cl\u00ednica se basa en un enfoque hol\u00edstico y personalizado. Reconocemos que cada paciente tiene una experiencia \u00fanica con el dolor, y por eso, adaptamos nuestras terapias para satisfacer sus necesidades espec\u00edficas. Nuestro objetivo es mejorar la calidad de vida de nuestros pacientes, ayud\u00e1ndoles a desarrollar habilidades de afrontamiento y a encontrar formas de vivir una vida m\u00e1s plena y satisfactoria, a pesar del dolor.<\/p>\n<p>Adem\u00e1s, como <strong>psic\u00f3loga especialista en Oviedo<\/strong>, estoy comprometida con el cuidado continuo y el apoyo a mis pacientes durante todo el proceso de tratamiento. Mi enfoque se basa en la comprensi\u00f3n, la empat\u00eda y el respeto por las experiencias individuales de cada persona en su lucha contra el dolor cr\u00f3nico.<\/p>\n<p>Si est\u00e1 buscando una <strong>psic\u00f3loga especialista en el tratamiento de dolores cr\u00f3nicos en Oviedo<\/strong>, nuestra cl\u00ednica est\u00e1 aqu\u00ed para ayudarle. Ofrecemos un enfoque comprensivo y adaptado a sus necesidades individuales para ayudarle a manejar su dolor de manera m\u00e1s efectiva.<\/p>\n<p>[\/et_pb_text][\/et_pb_column][\/et_pb_row][\/et_pb_section][et_pb_section fb_built=&#8221;1&#8243; _builder_version=&#8221;4.21.0&#8243; _module_preset=&#8221;default&#8221; background_enable_image=&#8221;off&#8221; background_size=&#8221;initial&#8221; background_repeat=&#8221;repeat&#8221; custom_padding=&#8221;70px||80px|||&#8221; bottom_divider_height=&#8221;50px&#8221; locked=&#8221;off&#8221; global_colors_info=&#8221;{}&#8221;][et_pb_row column_structure=&#8221;1_4,3_4&#8243; use_custom_gutter=&#8221;on&#8221; make_equal=&#8221;on&#8221; _builder_version=&#8221;4.21.0&#8243; _module_preset=&#8221;default&#8221; width=&#8221;65%&#8221; global_colors_info=&#8221;{}&#8221;][et_pb_column type=&#8221;1_4&#8243; _builder_version=&#8221;4.21.0&#8243; _module_preset=&#8221;default&#8221; global_colors_info=&#8221;{}&#8221;][et_pb_image src=&#8221;https:\/\/www.psicologiaoviedo.com\/wp-content\/uploads\/2023\/07\/Proyecto-nuevo-2023-07-12T180621.779.png&#8221; title_text=&#8221;Proyecto nuevo &#8211; 2023-07-12T180621.779&#8243; align=&#8221;center&#8221; _builder_version=&#8221;4.21.0&#8243; _module_preset=&#8221;default&#8221; width=&#8221;35%&#8221; custom_margin=&#8221;5px||||false|false&#8221; global_colors_info=&#8221;{}&#8221;][\/et_pb_image][\/et_pb_column][et_pb_column type=&#8221;3_4&#8243; _builder_version=&#8221;4.21.0&#8243; _module_preset=&#8221;default&#8221; global_colors_info=&#8221;{}&#8221;][et_pb_text _builder_version=&#8221;4.21.0&#8243; _module_preset=&#8221;default&#8221; text_font=&#8221;Inter|800|||||||&#8221; text_text_color=&#8221;#282828&#8243; text_font_size=&#8221;42px&#8221; text_line_height=&#8221;1.2em&#8221; custom_margin=&#8221;||50px||false|false&#8221; global_colors_info=&#8221;{}&#8221;]<\/p>\n<p style=\"text-align: left;\">Preguntas <strong class=\"acento\">frecuentes<\/strong><\/p>\n<p>[\/et_pb_text][et_pb_accordion icon_color=&#8221;#a30f37&#8243; use_icon_font_size=&#8221;on&#8221; icon_font_size=&#8221;22px&#8221; _builder_version=&#8221;4.21.0&#8243; _module_preset=&#8221;default&#8221; custom_margin=&#8221;0px||||false|false&#8221; global_colors_info=&#8221;{}&#8221;][et_pb_accordion_item title=&#8221;\u00bfQu\u00e9 tipos de dolores cr\u00f3nicos se pueden tratar con terapia psicol\u00f3gica?&#8221; open=&#8221;on&#8221; _builder_version=&#8221;4.21.0&#8243; _module_preset=&#8221;default&#8221; body_font=&#8221;Inter|300|||||||&#8221; body_text_color=&#8221;#000000&#8243; body_font_size=&#8221;16px&#8221; body_line_height=&#8221;1.8em&#8221; global_colors_info=&#8221;{}&#8221; toggle_level=&#8221;h3&#8243; toggle_font=&#8221;Inter|700|||||||&#8221;]<\/p>\n<p>La terapia psicol\u00f3gica puede ser \u00fatil para tratar una amplia variedad de dolores cr\u00f3nicos, incluyendo dolor de espalda, dolor de cabeza, artritis, fibromialgia, entre otros.<\/p>\n<p>[\/et_pb_accordion_item][et_pb_accordion_item title=&#8221;\u00bfC\u00f3mo puedo saber si la terapia psicol\u00f3gica es adecuada para mi dolor cr\u00f3nico?&#8221; _builder_version=&#8221;4.21.0&#8243; _module_preset=&#8221;default&#8221; body_font=&#8221;Inter|300|||||||&#8221; body_text_color=&#8221;#000000&#8243; body_font_size=&#8221;16px&#8221; body_line_height=&#8221;1.8em&#8221; global_colors_info=&#8221;{}&#8221; toggle_level=&#8221;h3&#8243; toggle_font=&#8221;Inter|700|||||||&#8221; open=&#8221;off&#8221;]<\/p>\n<p>Si est\u00e1 experimentando dolor cr\u00f3nico y necesita ayuda adicional al tratamiento m\u00e9dico que est\u00e1 recibiendo, puede ser \u00fatil buscar la ayuda de un psic\u00f3logo cl\u00ednico especializado.<\/p>\n<p>[\/et_pb_accordion_item][\/et_pb_accordion][\/et_pb_column][\/et_pb_row][\/et_pb_section]<\/p>\n","protected":false},"excerpt":{"rendered":"<p>Psic\u00f3loga especialista en el tratamiento de dolores cr\u00f3nicos en OviedoBienvenidos a nuestra consulta en Oviedo, donde ofrecemos servicios especializados como psic\u00f3loga especialista en el tratamiento de dolores cr\u00f3nicos. Comprendemos que vivir con dolor cr\u00f3nico puede ser una experiencia desafiante y agotadora, que afecta no solo el bienestar f\u00edsico, sino tambi\u00e9n el emocional y psicol\u00f3gico. Nuestro [&hellip;]<\/p>\n","protected":false},"author":11,"featured_media":0,"parent":0,"menu_order":0,"comment_status":"closed","ping_status":"closed","template":"","meta":{"_et_pb_use_builder":"on","_et_pb_old_content":"","_et_gb_content_width":"","footnotes":""},"class_list":["post-258904","page","type-page","status-publish","hentry"],"_links":{"self":[{"href":"https:\/\/www.psicologiaoviedo.com\/index.php?rest_route=\/wp\/v2\/pages\/258904","targetHints":{"allow":["GET"]}}],"collection":[{"href":"https:\/\/www.psicologiaoviedo.com\/index.php?rest_route=\/wp\/v2\/pages"}],"about":[{"href":"https:\/\/www.psicologiaoviedo.com\/index.php?rest_route=\/wp\/v2\/types\/page"}],"author":[{"embeddable":true,"href":"https:\/\/www.psicologiaoviedo.com\/index.php?rest_route=\/wp\/v2\/users\/11"}],"replies":[{"embeddable":true,"href":"https:\/\/www.psicologiaoviedo.com\/index.php?rest_route=%2Fwp%2Fv2%2Fcomments&post=258904"}],"version-history":[{"count":7,"href":"https:\/\/www.psicologiaoviedo.com\/index.php?rest_route=\/wp\/v2\/pages\/258904\/revisions"}],"predecessor-version":[{"id":259126,"href":"https:\/\/www.psicologiaoviedo.com\/index.php?rest_route=\/wp\/v2\/pages\/258904\/revisions\/259126"}],"wp:attachment":[{"href":"https:\/\/www.psicologiaoviedo.com\/index.php?rest_route=%2Fwp%2Fv2%2Fmedia&parent=258904"}],"curies":[{"name":"wp","href":"https:\/\/api.w.org\/{rel}","templated":true}]}}